it of l?
8
Suppose -134*r + 141*r - 14882 = 0. Let q = r + -1250. What is the hundreds digit of q?
8
Let n = 12 - 12. Let r be (-4482)/12*(n - 6/9). Suppose 9*o = 372 + r. What is the units digit of o?
9
Let p(v) be the first derivative of 3*v**2 + 16*v + 8. Let k be p(16). Let c = -43 + k. What is the tens digit of c?
6
Let j = -72 + 79. Suppose -2*x = -j*x + 20. Suppose x*m + f - 5*f = 472, 0 = -3*f + 12. What is the units digit of m?
2
Suppose -4 = h, 0 = -2*p + 2*h + 1 + 13. Suppose -j - 2 + p = 0. What is the units digit of (j - 33/(-2))*(-24)/(-15)?
8
Let x be 3 + (-2)/(-4)*-2. Let o be 1196/23 + x*1. Let g = o - 0. What is the tens digit of g?
5
Let i = 730 + -385. What is the units digit of i - (56/7 - 6)?
3
Let q be (3*(-10)/45)/(6/(-765)). What is the tens digit of (-4)/(3 - 7) + q?
8
What is the units digit of 3*5436 + 297/(-27)?
7
Let y(c) = c**3 - 6*c**2 + 2*c - 10. Let d(v) = 4*v + 1. Let z be d(8). Let f = -26 + z. What is the units digit of y(f)?
3
Let b(f) = -2*f**3 - 2*f**2 + 2*f - 1. Let l be b(-3). Suppose -3*i + l = -h, 5*i = h + h + 55. Let y = h - -199. What is the hundreds digit of y?
1
Suppose -1458 = 9*z - 1512. Let f(t) = -29*t - 2. Let i be f(-2). Suppose -2*v + q = -i, z*v - 3*v - 89 = -q. What is the tens digit of v?
2
Let p(y) = y - 4. Let t be 60/10 - (-1 + 3). Let n be p(t). Suppose n = -7*a - 8*a + 4335. What is the units digit of a?
9
Let h(x) = 943*x**2 + 743*x - 11. What is the hundreds digit of h(-4)?
1
Let z(v) be the third derivative of v**4/6 + 11*v**3/3 + 5*v**2. Let f be z(-10). What is the units digit of (-9)/(2/f*1)?
1
Let l(w) be the third derivative of -w**6/120 + w**5/30 + 5*w**4/24 - w**3/6 + w**2. Let y be l(2). What is the units digit of (-3)/y - (-236)/6?
9
Let f(r) = -r + 6. Let u be f(2). Suppose 4*o + 4*a + u = -0*a, -4*o + 8 = a. Suppose -b - 2*b = -2*x + 300, -4*x + 582 = o*b. What is the hundreds digit of x?
1
Let b be 3/(-2) + (5970/(-20) - 6). Suppose -r - 5*k + 544 = 0, 0 = -2*r + 5*k - 4*k + 1077. Let u = r + b. What is the tens digit of u?
3
Suppose 4*u + 38868 = 2*g, 868*g - 871*g + 3*u = -58278. What is the tens digit of g?
1
Let w(p) = -p**3 + 15*p**2 - 4*p - 22. Let x be w(14). Let z = 396 - x. What is the tens digit of z?
7
Let f be (-534)/2*(-2)/6. Let s(u) = 20*u + 30. Let y be s(0). Let z = y + f. What is the units digit of z?
9
Let o(x) = -5*x + 31. Let i = 214 - 217. What is the tens digit of o(i)?
4
Suppose -4*i - 5*q + 514 = 0, 4*i - 518 = -4*q + q. Suppose -r + 69 = -i. What is the hundreds digit of r?
2
Suppose 0 = -5*j + 5*r + 20, 2*j - 6*j - 2*r - 2 = 0. Let v(n) = 201*n**2 - 2*n - 1. Let i be v(j). What is the units digit of 4 + i - (0 + 1)?
1
Let t = -285 + 45130. What is the thousands digit of t?
4
Let v be 2/8*-4*(-4 + -1). Suppose y + 5*q = 30, 3*y + 5*q = y + 35. Suppose 5*o - 275 = -y*l, -5*o - v*l + 155 = -2*o. What is the units digit of o?
0
Suppose 0 = 2*d + 6, -5*y - 3*d + 1521 = -0*d. Suppose y + 0 = 2*a. What is the hundreds digit of -2 + (3 - 2) + a?
1
Suppose -88*b + 1076550 + 679138 = 0. What is the hundreds digit of b?
9
Let y(q) = 17*q**2 + 46*q + 316. What is the units digit of y(29)?
7
Let o(r) = 22*r + 1. Let t be o(-1). Suppose 0 = -20*y + 19*y - 2. What is the tens digit of (-257)/y + t/(-14)?
3
Suppose -4*x - 29904 = -4*t, 36*t + 4*x = 33*t + 22400. What is the tens digit of t?
7
Let x = 166 - 162. What is the units digit of x + 5 - 21/7?
6
Let y(s) = -527*s - 99. Let d be y(4). Let u = d + 3858. What is the tens digit of u?
5
Let f = 162 + -104. Suppose f*p + 3725 = 63*p. What is the hundreds digit of p?
7
Suppose -3*i = 3*h + 990, -3*h = -13 - 2. Let u be i/(-2)*(-5)/((-40)/32). Let r = u - 467. What is the units digit of r?
3
What is the ten thousands digit of 512/(-24)*9*2907/(-38)?
1
Suppose 6*p - 4*p - 172 = 4*w, w + 394 = 5*p. Suppose -s - 482 = -4*n, -2*n + 5*s + p = -154. What is the hundreds digit of n?
1
Suppose -2 = -3*n + 7. Suppose -4*u + 236 = 2*v, 0*v - v - u = -121. Suppose n*j = -j + v. What is the units digit of j?
1
Suppose 2*b - 3*w + 1 = -1, 0 = -3*b + 4*w - 2. Let h be (1 - -1 - -4) + b + 1. Suppose h*z = 2*z + 1127. What is the hundreds digit of z?
1
Let w(a) be the third derivative of -49*a**6/40 - a**5/60 + a**4/24 + a**2. Let p be w(-1). Suppose -2*j = -367 + p. What is the tens digit of j?
1
Let y(s) = 2*s**3 - 2*s**2 + 4*s - 7. Let v(r) = -4*r**3 + 5*r**2 - 9*r + 13. Let h(p) = -4*v(p) - 9*y(p). What is the tens digit of h(-4)?
0
Let y(o) = -o**3 - 5*o**2 - 4*o + 2. Let j be y(-4). Let c be (-546)/(-18) + (j - 14/6). What is the tens digit of 2140/c - (-1)/(-3)?
7
Suppose 4*k - 4541 - 1079 = -4*w, 0 = -w + 2*k + 1402. Suppose 8*r - 5284 + w = 0. What is the hundreds digit of r?
4
Suppose 21*r - 11295 = 16*r. Let x = r + -1571. What is the units digit of x?
8
Let r(y) = 60*y**2 + 28*y + 198. What is the tens digit of r(-13)?
7
Let m = -16173 + 23871. What is the units digit of m?
8
Let j(i) = -3*i**2 + 14 - i**3 + 6*i**3 - 5*i + 0*i**3 - 4*i**3. Let r be j(3). Let y(v) = -224*v - 1. What is the hundreds digit of y(r)?
2
Suppose 0 = 5*q + 4*p - 28 - 7, -3*q - 4*p + 29 = 0. Suppose w = -3*f + 210, -10*w - q*f = -13*w + 618. What is the units digit of w?
7
Let s(h) = -5*h**2 + 12*h + 3. Let g(t) = -t**3. Let k(x) = g(x) + s(x). Let w = -1043 - -1035. What is the tens digit of k(w)?
9
Suppose -19*l + 140 = l + 8*l. Let u(o) = 7*o**2 - o**2 + 26 + 3*o**2 - 6*o. What is the hundreds digit of u(l)?
2
Let t be (0 - 0)/((-12 - -3)/(-9)). Suppose t = 13*i - 2176 - 3102. What is the hundreds digit of i?
4
Let f(p) = 9*p - 46. Let b be ((-6)/10)/((-4)/40)*1. Let w be f(b). What is the units digit of 5*-1*w*5/(-50)?
4
Let c = -194 + 198. Suppose 0 = -c*g + 705 - 161. What is the tens digit of g?
3
Let r(o) = 378*o**2 + 238*o + 23. What is the units digit of r(6)?
9
Suppose -8*y + 6*y = -4. Suppose -y*i = -v - v + 570, 4*i = 2*v - 568. What is the tens digit of v?
8
Let k(u) = -2*u**3 - 9*u**2 - 36*u + 23. Let x = 571 + -582. What is the tens digit of k(x)?
9
Suppose 17*y + 46*y = -95*y + 88638. What is the units digit of y?
1
Let u = 82 + 22. Suppose -u = -25*r - r. What is the units digit of r?
4
Suppose 0 = 22*q - 161157 - 256491. What is the ten thousands digit of q?
1
Let m(q) = -q**3 + q**2 + 67. Let f be m(0). Suppose f*u = 72*u - 1350. What is the hundreds digit of u?
2
Suppose 0 = -2*b - 3*v + 62 - 269, 0 = b - 2*v + 107. Suppose 5*d + 3*s - 2960 = -s, 0 = -4*s. What is the units digit of d/5 - 63/b?
9
Let o = 5827 - -2328. What is the tens digit of o?
5
Let i(j) = 4200*j**3 - j**2 - 8*j + 7. What is the thousands digit of i(1)?
4
Let t = 55 + -35. Suppose 4*g + t = 0, -2*j + 5*g = -0*j + 7. Let a(m) = -m**2 - 21*m - 7. What is the units digit of a(j)?
3
Suppose 3*k = -20 - 214. Let o = k + 317. Suppose -o + 896 = 9*d. What is the units digit of d?
3
Suppose 688*u + 14556 = 691*u. What is the units digit of u?
2
Let d be ((-6)/(-9))/((-23)/(-414)). Suppose -2683 = -d*h - 379. What is the tens digit of h?
9
Let h = 99 + -96. Suppose x - h*y = -6 - 1, 3*x - 4*y = 4. Suppose 5*z - x*z = -279. What is the tens digit of z?
9
Let o = -26 - -28. Suppose 4*k = 5*k - o. Suppose 0 = 5*s + 4*r - 372, -3*s - k*s = -r - 382. What is the tens digit of s?
7
Suppose -5*g = 1 - 11. Let y be ((-27)/15)/((-11)/(1320/36)). Suppose 9*p + 4*f = y*p + 326, -3*f - 206 = -g*p. What is the units digit of p?
6
Suppose -126*q + 127*q - 68509 = -2*m, 8 = -8*q. What is the units digit of m?
5
Let m(q) = -8*q + 37. Let k be m(4). Suppose -k*j - 1206 = -3*d, -5*j - 37 = d - 419. What is the hundreds digit of d?
3
Let t = 535 - 524. What is the units digit of (-291)/6*t/(44/(-8))?
7
Suppose 5*s = -2*j + 22956, -j - 53*s + 56*s + 11445 = 0. What is the hundreds digit of j?
4
Let s = 49 - 71. Let c(g) = g**2 + 23*g + 116. What is the tens digit of c(s)?
9
Suppose -2*z = 5*f - 7, -4*z + 1 = 5*f + 2. Suppose -h - 1259 = -5*q, 4*h = 3*q + f*h - 755. What is the units digit of q?
2
Suppose -4*d = w - 101, -3*d + 30 = w - 47. Suppose 9*i - d = 6*i. What is the units digit of i?
8
Let r(u) = u. Let m(y) = 7*y**2 - 3*y. Let t(d) = -d**2. Let f(v) = -3*m(v) - 6*t(v). Let n(b) = -f(b) + 3*r(b). What is the units digit of n(1)?
9
Let i be 0*2*6/(-24). Suppose